hat is the hundreds digit of d?
3
Suppose 5*a - 1 = 4. Let g(p) = -1. Let l(w) = -3*w + 4. Let x(n) = a*l(n) - 4*g(n). What is the tens digit of x(-6)?
2
Suppose 7*z - 11*z + 292 = 0. Let h(s) = -z*s + 73*s + 3*s**2. What is the units digit of h(2)?
2
Let w(a) = a**3 - 9*a**2 + 48*a - 37. What is the tens digit of w(11)?
3
Let b(i) = 10*i**2 + 10*i + 31. What is the tens digit of b(-7)?
5
Let n = -68 - -126. Suppose w = 2*w - n. What is the units digit of w?
8
Let g(s) = -47*s - 9 + 1 - 2. Let b be g(-7). Suppose -129 = -2*n - x, x = -5*n + 2*x + b. What is the units digit of n?
4
Suppose 446 + 398 = 2*v. Suppose -5*l + 344 = -l - 4*b, 5*l - b - v = 0. Suppose -21 = -5*m + l. What is the units digit of m?
1
Suppose 106*x = 109*x - 9. Suppose 111 + 366 = 3*n + 3*f, 5*n + x*f - 797 = 0. What is the units digit of n?
0
Let q = -1794 + 5074. What is the hundreds digit of q?
2
Let i(a) = -3*a**3 - 4*a**2 - 3. Let x be (-56)/(-10) + 16/40. Suppose -y = w + x + 1, 5*w = -20. What is the units digit of i(y)?
2
Let t(k) = k**2 - 2*k - 39. Let q be t(-5). What is the hundreds digit of 190 - (-1)/(-5 - q)?
1
Let x(m) = m**2 + 10*m. Let j(t) = t. Suppose 0*k = -3*k + 6. Let z(a) = k*j(a) - x(a). What is the units digit of z(-6)?
2
Let s(g) = -28*g - 20. Let v(b) be the first derivative of -b**2/2 - b - 7. Let p(m) = s(m) - 20*v(m). What is the units digit of p(-3)?
4
Suppose 128 = 4*g + 1132. Let t = -393 - g. Let q = -84 - t. What is the tens digit of q?
5
Suppose 0 = 3*z - z - 2. Let j be (z/(-3))/((-3)/(-18)). What is the tens digit of 16*(-1 - (j - 0))?
1
Suppose 6*h = 10*h + 24. Let u(t) = 3*t**2 - t - 17. What is the units digit of u(h)?
7
Let u be 1/2 - 15/2. Let d(p) be the third derivative of -p**5/60 - 3*p**4/8 - p**3/3 + 29*p**2 + 2*p. What is the units digit of d(u)?
2
Let g(k) = 1940*k**2 - 48*k - 50. What is the units digit of g(-1)?
8
Suppose -u + 0*u = u. Suppose i - 2*i + 1 = u. What is the units digit of i?
1
Let p be 15/6*(-44)/(-5). Let c = p - -13. Suppose l = -3 + c. What is the tens digit of l?
3
Let c = 0 - -4. Let f = 98 + 27. Suppose -c*y - 37 = -f. What is the tens digit of y?
2
Suppose -7 = -4*n - 3*s, n + 2*s = -2*n + 6. Suppose 4*f + 0*y - 102 = 2*y, 2*f - 54 = n*y. What is the tens digit of f?
2
Suppose 0 = v + 3*v - 20. Suppose -2*d = b - 97, v*d = -5*b + 629 - 159. What is the units digit of b?
1
Let a = -7 + 15. Suppose 0 = -6*q + a*q. Suppose -2*r + 14 = -q*r. What is the units digit of r?
7
Let b be ((-6)/9)/((-6)/(-27)). Let o be 2/b*(-27)/(-9). What is the tens digit of (o/(-3))/(2/69)?
2
Suppose -2*k + 2 = 5*m, 3*m - 2*m - 5 = -5*k. Suppose 134 + k = r. What is the hundreds digit of r?
1
Let r(q) = 2*q + 12. Let u be r(-5). Suppose u*t - 30 = -4. What is the tens digit of t?
1
Let y = 20 - 38. Let v = -27 + 52. Let g = v + y. What is the units digit of g?
7
What is the hundreds digit of 2*(-2776)/(0 + -4)?
3
What is the units digit of 165/6*1040/50?
2
Let r(x) = x**2 + 2*x - 2. Let o be r(-3). Let a be (8/(-2))/(o - 2). What is the units digit of 5/20 + 23/a?
6
Let z = 58 - 103. What is the tens digit of z/(-20)*(192/(-9))/(-2)?
2
Let u be 4/2 + (2 - (5 - 4)). Suppose 5*f - 308 = -4*j, 0*f = u*f - 12. What is the units digit of j?
2
Let h be (-4)/20 + 41/5. Let n = -1 + h. Suppose -n*p + p + 48 = 0. What is the units digit of p?
8
Let b = -6169 - -11096. What is the units digit of b?
7
Suppose 7*f - 5 = 12*f. Let w = -2 + -6. Let d = f - w. What is the units digit of d?
7
Suppose -1771 = -5*k - 31. What is the hundreds digit of k?
3
Let g(j) = 7*j**2 - j**2 - 3*j**2 - 5*j**2 - 7*j. Let x be g(-4). Let y(v) = -2*v**3 - 5*v**2 + v - 5. What is the tens digit of y(x)?
3
Suppose 3*y = 53*y - 11450. What is the tens digit of y?
2
Let l(i) = -i**2 + 7. Let u = -10 + 17. Let s be l(u). Let n = -23 - s. What is the tens digit of n?
1
Let a(r) = 780*r + 3. What is the units digit of a(1)?
3
Let d(s) = 932*s**2 - 17*s - 17. What is the units digit of d(-1)?
2
What is the units digit of 13/(7*1/112)?
8
Suppose 3*u + 2*u = -2*k + 23, u + 1 = k. Let l be (-6)/k*(-28)/(-21). What is the tens digit of (l - 88)*1/(-2)?
4
Let b(l) = -l + 19. Let c be b(-17). Suppose 0*p = -3*p + c. What is the units digit of p?
2
Let h = 1220 + -61. What is the tens digit of h?
5
Let h(w) = 2*w**3 + 11*w**2 - 4*w - 17. Let m be h(-8). What is the tens digit of m/(-5) - -1 - 2?
6
Let n = -51 - -101. Suppose 3*j + 0*j = -5*b + 71, -2*j = 4*b - n. What is the tens digit of j?
1
Suppose -2*p - 2100 = 2*p. Suppose -272*h + 20 = -268*h. What is the units digit of (h/3)/((-25)/p)?
5
Suppose 0 = -4*f + 19 - 3. Suppose -2*u + 257 = 3*x, f*x + 2*u + 124 - 470 = 0. What is the tens digit of x?
8
Let v(o) = 2*o - o**3 + 16*o**2 - 3*o - 4*o - 21*o**2. What is the units digit of v(-5)?
5
Let m(t) = -t**3 + 4*t**2 - 3*t - 7. Let q be m(7). What is the tens digit of (-3)/(-2 + q/(-95))?
1
Let i(y) = -7*y - 15. Let z be i(-7). Let a = 45 + z. What is the tens digit of a?
7
Let z = -3 + 11. Let j(m) = 2*m - 8. What is the units digit of j(z)?
8
Let g be (-1)/(2/(19 - 3)). Let k be 652/18 - g/(-36). Suppose k - 5 = b. What is the tens digit of b?
3
Let p(z) = -94*z - 15. What is the tens digit of p(-4)?
6
Suppose a - 448 = -m, 5*a + 413 = 2*m - 469. What is the hundreds digit of m?
4
Let u be (45/6)/((-3)/(-20)). Let w be -2 + (3 + 0 - -3). Suppose -w*c - c + u = 0. What is the tens digit of c?
1
Suppose 0 = -6*y + 410 + 8776. What is the hundreds digit of y?
5
Let o be (-1 + 1)/(1 + 1). Suppose o = -5*l - 4*d - d, -4*l - d = -15. Suppose w = l*u - 84, -11 = -u + 3*w + 3. What is the tens digit of u?
1
Let i(j) be the second derivative of j**5/20 - 2*j**4/3 + 11*j**3/6 - 9*j**2/2 + 4*j. What is the tens digit of i(8)?
7
Let c(z) = 3*z**2 + z - 2. Let m be c(3). Suppose 0*a = -3*a - 45. Let x = m + a. What is the tens digit of x?
1
What is the tens digit of (46 - 10)*20/6?
2
Let k(j) be the third derivative of j**4/12 + 91*j**3/6 + 29*j**2. What is the tens digit of k(0)?
9
Let l(j) = -3*j + 1. Let k(u) be the third derivative of u**6/120 - u**5/60 - u**4/8 - u**3/6 - 3*u**2. Let m be k(-2). What is the tens digit of l(m)?
2
Let v be 3/(-6)*-4*(-11)/(-2). Suppose -1315 = -v*a + 6*a. What is the units digit of a?
3
Suppose -2*s + 107 = -5*q + 1648, -3*q + 933 = -4*s. What is the hundreds digit of q?
3
Suppose 28*h - 118955 = -9*h. What is the tens digit of h?
1
Let w(u) = u**2 - 13. Let f be w(4). Suppose 0 = f*y + 2*y - 15. What is the units digit of 1 - 1 - y - -26?
3
Let k(i) = -27*i + 0 + 3 + 30*i. What is the tens digit of k(10)?
3
Suppose -3*x = -4*w - 0*w, 20 = 5*x. Suppose w + 99 = 3*g. Let k = 12 + g. What is the tens digit of k?
4
Let l(a) = -a + 10. Let h(d) = d**2 - 11*d + 8. Let s be h(11). Let z be l(s). Suppose -z*c + 3 = c. What is the units digit of c?
1
Let r(g) = g**3 - 20*g**2 - 52*g - 11. What is the units digit of r(23)?
0
Let n be 41/4 - 1/4. What is the units digit of 70/(-2*(-5)/n)?
0
Suppose 0 = 3*p - 6 - 9. Suppose 0 = d - 0*z - 3*z + p, 0 = 4*z. What is the units digit of 2 - 4 - d - -22?
5
Suppose -2*m - 2*g = -14, -2*m + g - 14 = -4*g. Suppose u = 2*f + 147, -f + 220 + 256 = m*u. What is the tens digit of u?
5
Let q = 155 + -87. Suppose -2*g - q = -3*g. What is the units digit of g?
8
Let q be (4 + -7 + 6)*1. Suppose u = q*u. Suppose u*v = -4*v + 208. What is the units digit of v?
2
Suppose -3*u + 184 = 6*a - a, 3*u - 9 = 0. Suppose -168 = -o - a. What is the hundreds digit of o?
1
Let f(q) = 21*q**3 - 2*q**2 - 3*q + 2. Let k be f(2). Suppose -2*l - l = -k. What is the tens digit of l?
5
Suppose -5*x + 5 = -5. Suppose 2*b = 3*s + 17, -x*b + 6 = -2*s - 2. Let o = -3 - s. What is the units digit of o?
6
Let s(g) = -10*g - 5. What is the tens digit of s(-9)?
8
Suppose 0 = 2*a + 3*j - 21 + 60, 0 = a - 2*j + 30. Let l = a - -75. What is the units digit of l?
1
What is the units digit of (78/(-195))/(1*(-1)/5380)?
2
Suppose -5*i + y = -210, -3*y - 210 = 3*i - 8*i. What is the units digit of i?
2
Let p be (48/(-28))/((-2)/21). Let s be p - (-2 - (2 - 0)). What is the tens digit of ((-2)/4)/(s/(-2068))?
4
What is the tens digit of (58/6)/(0 + 8/168)?
0
What is the units digit of (8852/2)/(104/52)?
3
Let x be (-4)/2 - (-201 + -2). Suppose 7*y - 